
Let a be ((-22)/(-8))/(7/(-308)) - 0. Let q = a - -223. What is the remainder when q is divided by ((-39)/(-26))/(1/14)?
18
Suppose -3*h = -36 - 24. Suppose -5*m + h = -60. Suppose -12 = -2*a + m. Calculate the remainder when 25 is divided by a.
11
Suppose -5*x = -2*f + 116, 4*f + 76*x - 78*x = 248. Let y = 61 - -16. Suppose 5*v = -2*j + y, 3*j + 101 = 5*v - j. What is the remainder when f is divided by v?
12
Let l = 304 + -121. Calculate the remainder when l is divided by 108/24*(65/15 + -3).
3
Let v(o) = -o**2 + o + 183. Let z be v(0). Let j = -104 + z. What is the remainder when j is divided by (2 + -4)*(-10 - -2)?
15
Suppose 6*s + s - 182 = 0. Let u = 29 + s. Calculate the remainder when u is divided by 32.
23
Suppose 107*a - 579 - 2875 = -50*a. What is the remainder when 255 is divided by a?
13
Let u(h) = 13*h - 33. Let z = 688 - 403. What is the remainder when z is divided by u(5)?
29
Suppose -2*a + 3*a + 4 = 0. Let w(s) = 94 + 99 - s + 6*s + 3*s**3 - 187 + 5*s**2 - 2*s**3. What is the remainder when 5 is divided by w(a)?
1
What is the remainder when 700 is divided by -1*(-2)/(-6 - -2)*(163 - 199)?
16
Calculate the remainder when 929 is divided by (3/4)/(372/42656).
69
Suppose x - 6 = w - x, -3*w - x + 10 = 0. Let v be 2 + w + -1 - 3. Suppose v = 3*a - 2 - 7. What is the remainder when 4 is divided by a?
1
Let a = 367 - 384. Calculate the remainder when 67 is divided by 351/51 - 2/a.
4
Suppose 4*t - 1208 = 4*s, -5*t - 848*s = -852*s - 1511. Calculate the remainder when 967 is divided by t.
58
Suppose -4*n + 3*h + 686 = 256, 326 = 3*n - 4*h. What is the remainder when 653 is divided by n?
17
Let q(v) = -v**2 + 10*v + 1. Let j be q(10). Let n be 10/25 + (j - (-7)/(-5)). Suppose 8*c - 97 - 31 = n. Calculate the remainder when 29 is divided by c.
13
Let y be 150/39 - 4/(-26). Let x be 2 + (-3)/6 - (-2)/y. Suppose x*v = -4*s + 42, 47 = 3*s + s + v. What is the remainder when 20 is divided by s?
7
Let t(z) = -z**2 - 5*z + 227. Let j be t(10). Suppose 967 = 5*w + q, 112 = w - 2*q - j. Suppose -8*n + 156 = -4*n. What is the remainder when w is divided by n?
37
Suppose 0*f + 2*f + 4*u = -440, 3*f - u + 681 = 0. Let b = -102 - f. What is the remainder when b is divided by 32?
28
Let m be 11 + 113 + 3/1. Let f = m - -98. What is the remainder when f is divided by 60?
45
Let v = -19 - -201. Suppose -2*u + 9*u = v. Suppose 84 = 5*h - u. What is the remainder when 84 is divided by h?
18
Let t = 3081 - 3070. What is the remainder when t is divided by ((-6)/9)/(4/(-30))?
1
Let t(a) = 51*a - 13. Let b be t(13). Let n be (-7)/((-245)/b)*7. Suppose 0 = -3*x + n + 23. Calculate the remainder when x is divided by 18.
15
Let i(d) = 17*d. Let b(t) = -18*t + 1. Let r(u) = -3*b(u) - 2*i(u). Let x = 1219 + -1179. Calculate the remainder when r(4) is divided by x.
37
What is the remainder when 227 is divided by 1190/120 + 13 + 1/12?
20
Let q(u) = -u**2 - 47*u + 753. What is the remainder when 79 is divided by q(12)?
34
Suppose -5*b = -2*b. Let x(h) = h**2 + 2. Suppose -10*j = 5*p - 14*j - 42, p = -2*j. Calculate the remainder when p is divided by x(b).
0
Suppose i + 3*b + 378 = 0, -3*b - 1002 + 249 = 2*i. Let r = -339 - i. Calculate the remainder when 38 is divided by r.
2
Suppose -2*k - 36 = k. Let u = k - -30. What is the remainder when u is divided by (-2*6 - (-2 - -1))/(-1)?
7
Let w = -1953 + 1976. Calculate the remainder when 1283 is divided by w.
18
Let l = -1351 - -1963. Calculate the remainder when l is divided by 128.
100
Let g = -1 - -4. Let s be (12/10)/(((-27)/(-10))/(-9)). What is the remainder when s + (-18)/(-5) - (-496)/40 is divided by g?
0
Suppose -5*g + 48 = 4*o + 3, g = o. Suppose 9 = -o*c - s, 3 = c - 3*s + 2*s. What is the remainder when (17 + c)*(-3)/(-6) is divided by 4?
0
Suppose j - 666 = -2*q, -173*j = -176*j + 2*q + 1966. What is the remainder when j is divided by 121?
53
Suppose 5*v - 80 = -5*n, -4*n = 12*v - 14*v - 64. What is the remainder when 504 is divided by n?
8
Let u(g) = 1 - g + g**2 + 15*g**3 + 58*g**3 + 0*g**2. Suppose f - h - 25 = 0, -5*f + 171 - 46 = 4*h. What is the remainder when u(1) is divided by f?
24
Let k = -45 - -40. What is the remainder when (k/((-40)/52))/(1/12) is divided by (1 + (-37)/(-3))/(9/27)?
38
Let m = 6431 - 5518. What is the remainder when m is divided by 9?
4
Let y(i) be the second derivative of i**3/3 + 35*i**2/2 - 83*i. Calculate the remainder when y(33) is divided by 17.
16
Let b(p) = -p**3 - 5*p**2 - 8*p - 35. Let x be b(-5). Suppose c = -2*m + 388, 0 = 19*m - 16*m + x*c - 589. Calculate the remainder when m is divided by 33.
28
Let d(v) = -v + 25. Suppose -3*g + 375 = 2*g - 5*t, -5*g + t + 359 = 0. What is the remainder when g is divided by d(7)?
17
Suppose -r + 3*w + 16 = 0, -4*w - 829 = -4*r - 757. Suppose -5*f - x = -3*x - 155, -4*f = 5*x - 124. What is the remainder when f is divided by r?
12
Let x = -14601 + 7607. What is the remainder when 116 is divided by 4/18 + x/(-117)?
56
Suppose 6*w + 112 = 8*w. Let u be 27/36 - (-519)/12. Let c = w - u. Calculate the remainder when 83 is divided by c.
11
Let b(y) = -6*y - 4*y**2 - 32 - 5*y**2 + 16*y**2. What is the remainder when b(6) is divided by 37?
36
Suppose 8*s = 2124 - 268. What is the remainder when 910 is divided by s?
214
Suppose 4*z - 170 = -m + 8*z, -m + 200 = -19*z. Calculate the remainder when 787 is divided by m.
139
Let l be -13700 - (1 - 10/2) - -1. What is the remainder when l/(-121) - (-6)/(-33) is divided by 38?
37
Calculate the remainder when (42 + -44)/(1*(-8)/4132) is divided by 313.
94
Let n = -6931 + 6936. Let b = -13 - -58. Calculate the remainder when b is divided by n.
0
Suppose -3*d - 28*r = -24*r - 73, -3*r = d - 21. Calculate the remainder when 107 is divided by d.
26
Let h = -107 - -28. Let m = -47 - h. Suppose 3*r - 9 = 0, -9*r + 7*r - m = -n. What is the remainder when 227 is divided by n?
37
Let a = -103 + 31. Let d = -185 - a. Let f = 194 + d. Calculate the remainder when f is divided by 28.
25
Let o = -46123 - -70728. What is the remainder when o is divided by 11?
9
Suppose 40*x + 126 = 49*x. Suppose -x*q + 568 = -482. Calculate the remainder when q is divided by 19.
18
Calculate the remainder when 54 is divided by (0 - 2/(-3)) + (-45)/108*-68.
25
Let y(x) = -x**2 - 20*x - 33. Let d be y(-18). Let a(w) = 33 - 5 + d - 2*w. What is the remainder when a(-13) is divided by 10?
7
Suppose 0 = 4*x - 11*n + 7*n - 88, 26 = x + 3*n. Let d(t) = -x - 7*t + 4*t + 9*t - 3*t. Calculate the remainder when 88 is divided by d(10).
4
Suppose -u = -12*u + 950 - 224. What is the remainder when 717 is divided by u?
57
Suppose 50*x - l = 47*x + 1007, -1366 = -4*x - 2*l. What is the remainder when x is divided by 21?
2
Let q(m) = 20*m**2 + 569*m - 28. Calculate the remainder when q(-29) is divided by 22.
5
Let j = -268 - -284. Let x(r) = 11*r + 18. What is the remainder when x(7) is divided by j?
15
Let k be 2/(-3) - (-131376)/(-252). Let u = -464 - k. What is the remainder when u is divided by 14?
2
Suppose -4*k + 153 = -l, 0 = 3*k - l + 6*l - 109. Calculate the remainder when 189 is divided by k.
37
Suppose -395 = 35*w - 8830. Calculate the remainder when w is divided by 14.
3
Suppose 4*s - 1418 = 786. Suppose 5*u - s = 94. What is the remainder when u is divided by 11?
8
Let r = -444 - -446. What is the remainder when (-25 + 99)*-1*r/(-2) is divided by (2 - -2)/(4/22)?
8
Let q = 134 + -95. Let h(i) = 2*i**2 - 13*i - 375. What is the remainder when q is divided by h(-11)?
9
Suppose 4*a - 503 = 4*o - 3*o, 2*a - 241 = -3*o. Suppose 4*y = a - 625. Let n = -24 - y. What is the remainder when n is divided by 34?
33
Let w = -118 + 121. Suppose 2*q - 194 = w*t, 2*t + 266 = 4*q - 138. What is the remainder when q is divided by 54?
49
Let b(d) = d**3 + 19*d**2 - 2*d - 7. Let c be b(-19). Suppose c*z - 29*z = -8. Let a = z + 14. What is the remainder when 27 is divided by a?
7
Let n = -22134 + 22604. Calculate the remainder when n is divided by 99.
74
Suppose -2056 = 4*z + 1176. Let w = z - -883. What is the remainder when w is divided by 20?
15
Suppose 4*y - 4 = 4*s, -4*y + 4*s + 7 = -y. Suppose 6*n - 346 = -q, -41*n + 75 = -40*n - 2*q. Calculate the remainder when n is divided by 6/9 + (-28)/y.
9
Let p(r) = 5*r - 154. Let o = 826 + -366